 36*m - 153. Calculate i(31).
2
Let j(h) = -4*h - 21. Calculate j(6).
-45
Let g(w) = w**2 + 64*w + 5. Calculate g(-64).
5
Let r(s) = s**2 - 10*s + 21. What is r(7)?
0
Let j(x) = 3*x**2 + 2*x - 28. Give j(4).
28
Let f(n) = -5*n**3 - 5*n**2 + 3*n - 2. What is f(3)?
-173
Let u(n) = n**3 + 20*n**2 + 3*n - 8. What is u(-20)?
-68
Let g(v) = v**3 - 3*v**2 - 10*v + 2. Calculate g(5).
2
Let l(i) = i**2 + 12*i + 2. What is l(-8)?
-30
Let s(g) = -g**3 - 11*g**2 + 24*g - 15. What is s(-13)?
11
Let c(n) = -6*n**2 - 3*n + 3. What is c(1)?
-6
Let n(t) = -15*t + 1. Determine n(-1).
16
Let k(p) = p**2 + 19*p + 54. Give k(-16).
6
Let g(u) = -u**3 - 15*u**2 + 14*u - 20. Give g(-16).
12
Let g(c) = -c**3 - 24*c**2 + 24*c - 19. Determine g(-25).
6
Let d(t) = 3*t - 2. What is d(4)?
10
Let a(s) = 21*s + 346. Determine a(-16).
10
Let f(m) = 14*m + 252. Give f(-18).
0
Let c(o) = o + 1. Calculate c(-5).
-4
Let v(c) = c**3 + 2*c**2 + 2*c. Give v(3).
51
Let r(w) = -40*w**3 + 2*w**2 - 2*w. Give r(1).
-40
Let o(a) = -a + 11. What is o(6)?
5
Let g(x) = 3*x**2 + 4*x - 3. What is g(-2)?
1
Let d(m) = 14*m + 14. What is d(-6)?
-70
Let t(h) = h**3 + 11*h**2 + 18*h + 12. Give t(-9).
12
Let i(p) = -p**3 - 11*p**2 - 19*p + 4. Calculate i(-3).
-11
Let n(y) = -2*y**3 + 9*y**2 - 15*y + 51. Calculate n(4).
7
Let c(s) = s**2 - 5*s + 6. What is c(5)?
6
Let z(u) = -28*u + 170. Calculate z(6).
2
Let c(x) = x**2 + 16*x + 17. Determine c(-14).
-11
Let c(i) = i**3 + 25*i**2 - 6*i - 154. Give c(-25).
-4
Let n(s) = -11*s**2 - 9*s + 2. What is n(-2)?
-24
Let y(u) = -11*u + 1. What is y(-2)?
23
Let v(b) = b**3 - 31*b**2 - 36*b + 62. Determine v(32).
-66
Let s(l) = l**3 - 12*l**2 + 4*l - 21. What is s(12)?
27
Let m(v) = -2*v**3 + 40*v**2 + v - 18. Give m(20).
2
Let g(k) = -k**2 + 9*k + 7. Calculate g(10).
-3
Let v(j) = 4*j - 28. Determine v(14).
28
Let l(h) = -4*h + 5. Give l(-2).
13
Let w(c) = c**3 - 6*c**2 - 6*c + 23. Give w(6).
-13
Let b(k) = 7*k - 47. Calculate b(9).
16
Let j(k) = 11*k + 47. Give j(-5).
-8
Let z(i) = 3*i**2 - 17*i - 16. Calculate z(8).
40
Let r(m) = -20*m**3 + m**2 - 2*m + 2. Give r(1).
-19
Let u(f) = f**3 + 3*f + 4. Calculate u(-3).
-32
Let q(l) = 2*l**2 + 24*l - 3. What is q(-12)?
-3
Let p(q) = q**2 + 10*q + 11. Determine p(-10).
11
Let r(s) = -2*s - 41. Calculate r(-18).
-5
Let y(p) = -16*p - 1. Calculate y(1).
-17
Let m(s) = -2*s**2 + 54*s - 185. Determine m(23).
-1
Let n(k) = 2*k**2 + 9*k - 31. Give n(-7).
4
Let q(y) = 3*y**2 - 2*y - 3. Give q(-3).
30
Let u(p) = p**3 + 7*p**2 - 10*p - 7. What is u(-8)?
9
Let g(i) = -i**3 - 6*i**2 + 17. Determine g(-4).
-15
Let y(w) = -8*w**3 + 2*w + 2. Determine y(-1).
8
Let p(n) = -n - 20. What is p(-13)?
-7
Let c(i) = -i**2 + 24*i - 11. What is c(24)?
-11
Let h(d) = d**2 + 7*d - 4. Determine h(-6).
-10
Let i(r) = -r**3 - 2*r**2 - 2*r - 1. Determine i(-1).
0
Let f(n) = n**3 - 8*n**2 + 10*n - 7. Calculate f(7).
14
Let y(i) = -2*i + 33. What is y(17)?
-1
Let k(t) = -t**3 - 5*t**2 - 7*t - 4. Give k(-3).
-1
Let q(v) = -v**2 - 15*v + 87. Calculate q(5).
-13
Let b(d) = -d**3 + 4*d**2 + 4*d + 3. Determine b(5).
-2
Let s(u) = 3*u**2 - 14*u - 69. Determine s(10).
91
Let p(x) = 5*x - 2. Give p(1).
3
Let g(u) = u**3 - 18*u**2 + 43*u + 9. Determine g(15).
-21
Let j(n) = 11*n - 104. Calculate j(10).
6
Let u(p) = -p**2 - 3*p + 3. Determine u(-6).
-15
Let d(y) = 7*y**2 - 3*y + 3. Determine d(2).
25
Let n(z) = -z**3 - 20*z**2 - 3*z - 48. Determine n(-20).
12
Let h(v) = 4*v**3 + 3*v**2 + v + 5. What is h(-3)?
-79
Let n(q) = 8*q - 62. Calculate n(13).
42
Let j(h) = 8*h + 21. Determine j(-10).
-59
Let a(m) = 12*m - 108. Give a(9).
0
Let w(h) = h**2 + 5. What is w(0)?
5
Let f(w) = -3*w - 28. What is f(-7)?
-7
Let b(g) = -g**2 - 6*g + 6. What is b(-6)?
6
Let z(h) = h**3 + 20*h**2 - 21*h - 4. Calculate z(-21).
-4
Let f(o) = o**2 - 40*o + 10. Determine f(39).
-29
Let q(l) = l**3 + 10*l**2 - 27*l - 168. What is q(-11)?
8
Let p(v) = -12*v**2 + 22*v - 3. Calculate p(2).
-7
Let f(n) = 29*n**2 - n - 1. Give f(-1).
29
Let c(y) = -y + 5. Give c(-9).
14
Let v(u) = -u**3 - 9*u**2 + 5*u + 5. Calculate v(-9).
-40
Let d(a) = 2*a + 37. Give d(6).
49
Let x(p) = -p**3 + 10*p**2 + 22*p + 26. Calculate x(12).
2
Let r(c) = -c**3 - 4*c**2 - c - 15. What is r(-4)?
-11
Let o(q) = q**3 - 16*q**2 + 16*q - 12. Determine o(15).
3
Let y(q) = -q**2 + 3*q - 9. Determine y(0).
-9
Let t(m) = -m**2 - 6*m - 10. Give t(-7).
-17
Let k(d) = d**2 - 23*d + 127. Determine k(11).
-5
Let u(g) = -8*g - 43. Give u(-6).
5
Let h(s) = -2*s**3 + 4*s**2 - 2*s - 1. What is h(1)?
-1
Let y(o) = -2*o**2 + 32*o + 13. Calculate y(17).
-21
Let m(b) = -b**2 - 9*b + 21. What is m(-11)?
-1
Let g(z) = 3*z**3 + 10*z**2 + 7*z - 1. Give g(-1).
-1
Let j(w) = -w**2 + 10*w + 5. Determine j(11).
-6
Let x(j) = -35*j + 202. Determine x(6).
-8
Let g(c) = -c - 16. What is g(-18)?
2
Let x(q) = -8*q**3 + 2*q**2 - 4*q + 2. Calculate x(2).
-62
Let q(c) = -2*c**2 + 8*c + 9. What is q(-3)?
-33
Let m(c) = -c**3 + 3*c**2 + 2*c - 3. Determine m(3).
3
Let m(l) = -20*l**2 + l - 1. Calculate m(1).
-20
Let o(n) = n**3 - 21*n**2 + 13*n + 134. Calculate o(20).
-6
Let q(r) = 3*r + 2. Give q(3).
11
Let v(i) = -i**3 - 7*i**2 + 12*i + 56. Calculate v(-8).
24
Let t(f) = 2*f**2 + 20*f + 3. Determine t(-8).
-29
Let t(h) = 23*h + 10. Give t(-1).
-13
Let c(x) = x**3 + 12*x**2 - x - 22. Determine c(-12).
-10
Let p(w) = 3*w**2 - 4*w - 8. Determine p(4).
24
Let q(h) = -h**3 - 3*h**2 - 2*h - 2. Give q(-3).
4
Let d(c) = -30*c**3 - 2*c**2 + c. Give d(1).
-31
Let s(k) = -k**3 + 17*k**2 + 19*k + 16. Determine s(18).
34
Let f(v) = v + 4. What is f(-10)?
-6
Let a(j) = -35*j - 388. What is a(-11)?
-3
Let k(o) = 2*o**2 - 6*o + 7. Calculate k(2).
3
Let d(p) = 6*p**3 + p + 1. Give d(-1).
-6
Let d(l) = 6*l - 10. Give d(4).
14
Let l(m) = m**2 + 8*m - 335. Determine l(15).
10
Let n(g) = -2*g**2 + 8*g - 2. What is n(6)?
-26
Let s(z) = z**2 - 20*z + 42. Determine s(17).
-9
Let x(m) = m**2 + 6*m + 3. Determine x(-2).
-5
Let t(x) = -x**3 - 13*x**2 + 17*x + 39. Determine t(-14).
-3
Let w(o) = -6*o - 56. Calculate w(-8).
-8
Let u(a) = -a - 12. What is u(-2)?
-10
Let r(x) = -x**2 + 21*x + 149. What is r(27)?
-13
Let c(z) = 2*z - 6. Determine c(5).
4
Let d(n) = -2*n - 7. Calculate d(-5).
3
Let y(w) = -9*w + 175. Give y(19).
4
Let d(m) = -8*m**2 - 11*m - 10. What is d(-1)?
-7
Let h(y) = -2*y - 9. Determine h(-10).
11
Let m(a) = 5*a + 3. What is m(-1)?
-2
Let q(v) = -v**3 + 9*v**2 - 12*v + 18. Calculate q(8).
-14
Let p(d) = -d**2 - 4*d + 25. Give p(-5).
20
Let x(f) = -f**2 + 2*f + 3. Give x(3).
0
Let y(l) = -l**3 - 2*l**2 + l + 2. What is y(0)?
2
Let k(t) = 4*t - 17. Give k(-15).
-77
Let c(l) = -6*l + 34. What is c(6)?
-2
Let o(z) = 2*z - 18. Give o(7).
-4
Let k(r) = -r**2 - 6*r + 17. Determine k(4).
-23
Let n(g) = -2*g**3 - 13*g**2 + 11*g + 22. Determine n(-7).
-6
Let u(n) = -3*n**3 + 22*n**2 - 17*n - 5. Calculate u(1).
-3
Let o(a) = -a**3 - 16*a**2 - 26*a + 30. Give o(-14).
2
Let m(z) = -z**3 - 3*z**2 - 5*z - 2. Give m(-3).
13
Let p(j) = -j**2 - 5*j - 3. Calculate p(-3).
3
Let l(w) = -w**3 - 8*w**2 - 4*w - 3. Determine l(-5).
-58
Let z(i) = -i**2 + 4*i + 24. Calculate z(7).
3
Let b(d) = -2*d**2 + 39*d - 39. Calculate b(18).
15
Let h(w) = w**2 - 10*w - 25. Give h(11).
-14
Let l(k) = k**3 - k**2 - 9*k + 4. Calculate l(4).
16
Let z(y) = 18*y**3 + y. Determine z(1).
19
Let m(k) = -12*k + 101. Give m(9).
-7
Let g(b) = b**3 - 4*b**2 - 10*b + 12. Give g(5).
-13
Let o(i) = -i**3 - 8*i**2 - 2*i + 6. Calculate o(-5).
-59
Let b(z) = 3*z - 27. Determine b(4).
-15
Let y(t) = t**3 - 2*t**2 + 4*t - 1. Determine y(0).
-1
Let o(d) = 3*d + 64. Give o(-11).
31
Let w(f) = -f**3 + 10*f**2 - 3*f - 9. Determine w(10).
-39
Let x(a) = a**2 + 6*a - 1. Calculate x(4).
39
Let u(r) = r**3 - 6*r**2 - 9*r - 3. Give u(7).
-17
Let v(x) = x**2 - 9*x + 12. Give v(5).
-8
Let p(q) = q**2 - 39. Determine p(-5).
-14
Let s(n) = -n + 12. Give s(-11).
23
Let a(j) = j**3 - 13*j**2 - 10*j - 43. Calculate a(14).
13
Let v(t) = t**3 + 8*t**2 + 9*t + 9. Give v(-7).
-5
Let a(k) = k**3 + 8*k**2 - 10*k - 5. What is a(-9)?
4
Let i(b) = b**3 + 7*b**2 + b + 3. Calculate i(-3).
36
Let c(o) = -80*o**3 - o**2 - o + 1. Determine c(1).
-81
Let i(n) = n**2 + 5*n - 31. Give i(-9).
5
Let b(s) = s**3 + 22*s**2 + 5*s + 148. What is b(